j. What is the units digit of j?
0
Let h(y) = 48*y**2 - 32*y - 237. What is the thousands digit of h(-14)?
9
Let d(m) be the third derivative of 53*m**4/24 + 5*m**3 + 94*m**2. What is the units digit of d(5)?
5
Let t(s) = -49*s**2 - 8*s + 5. Let p be t(3). Suppose -3*z + 2*x = 2056, -3*z = -6*z - x - 2050. Let q = p - z. What is the hundreds digit of q?
2
Let r(j) = 16260*j**3 + 10*j**2 - 12*j + 4. What is the tens digit of r(1)?
6
Let u = 4868 - 3221. What is the hundreds digit of u?
6
Suppose 43*b + 98*b = 515355. What is the units digit of b?
5
Let n(z) = -z**2 - 17*z + 135. Let c be n(-23). What is the hundreds digit of (-12)/8*9468/(-27) - c?
5
Suppose 5*s + 1958 = 3*m - 1063, 2*m - s - 2021 = 0. Let f = m + 343. What is the hundreds digit of f?
3
Suppose 14*x = 18*x - 3912. Suppose 82 + x = 5*c. Suppose -2*w = 50 - c. What is the tens digit of w?
8
Let m be 3/4 - 10/(-8). What is the units digit of 28101/133 - m/7?
1
Let p(h) = 360*h**2 - 3*h + 2. Let n be p(-1). Let x = 93 + n. What is the tens digit of x?
5
Let x = 143 - 102. Suppose 0 = x*p - 17*p - 456. What is the units digit of p?
9
Let q = 0 + 17. Let f = 263 + q. What is the units digit of f?
0
Let g = -40669 + 65350. What is the units digit of g?
1
Suppose 0 = -26*d + 361027 - 94687 + 118252. What is the units digit of d?
2
Let z(h) = -1 + 3 + 0*h + 53*h**2 + 4 + 3*h + 3*h. What is the tens digit of z(-1)?
5
Let l(p) = -2*p**3 + 16*p**2 + 2. Suppose a - 73 = -2*a + k, 123 = 5*a - k. Suppose -8*u = -3*r - 7*u + a, 5*u + 41 = 3*r. What is the tens digit of l(r)?
0
Let b = 523 - -86. Let m = b + -194. Suppose -11*t + 223 = -m. What is the units digit of t?
8
Suppose -186*d + 967722 + 5481045 = -911439. What is the tens digit of d?
7
Suppose -2*u - 12 + 2 = 3*f, -2*f = -3*u + 24. What is the hundreds digit of 11140/44 + -2 + f/33?
2
What is the hundreds digit of (-6 - -17) + (-32 - -5666)?
6
Let u = 114 - 204. Let i = 102 + u. What is the units digit of ((i/(-18))/(-2))/((-1)/(-33))?
1
Let m(a) = -2 + 1 + 5*a**2 + 6*a + 3. Let i be (-3 + 20/12)/(2/6). What is the units digit of m(i)?
8
Suppose 4*n + 2*s = 5*n - 4239, -5*n + s + 21258 = 0. What is the tens digit of n?
5
Let l(n) = n - 1. Let u be l(4). Suppose 1746 = u*p + 2*w, -2*p - 6*w = -8*w - 1164. What is the hundreds digit of p?
5
Let u be (-13 + 9)*(-1 + 0)*775. What is the tens digit of (-80)/12 - -7 - u/(-6)?
1
Let l(b) = 2*b**3 - 22*b**2 + 14*b + 23. Let w be l(10). Let u(n) = -n**3 + 8*n**2 - 2*n + 2. Let g be u(6). Let j = g + w. What is the tens digit of j?
2
Suppose 4*s = 2*c + 24, 0 = 5*s - 4*c - 0 - 30. Let z be (s/(-3) - -1)/((-2)/6). Suppose 0 = -m - z*m + 424. What is the units digit of m?
6
Let h(k) = 155*k - 1482. What is the units digit of h(77)?
3
Suppose -2*i = 5*d + 6, 0 = 5*i + 4*d + 4 + 11. What is the units digit of 918*i/(-8) + 15/20?
5
Let z(f) = -3*f + 4587. What is the units digit of z(-32)?
3
Let w(q) = 9*q**3 + 51*q**2 + 12*q + 13. What is the hundreds digit of w(-5)?
1
Suppose 245*y - 15404 = 244*y - 5*m, 0 = 4*y + 5*m - 61541. What is the hundreds digit of y?
3
Let z(l) = 12*l**2 - 47*l + 75. What is the units digit of z(-5)?
0
Let r be (-2)/((1/(-20))/(2/(-4))). Let t = 23 + r. Suppose -z - t = -20. What is the units digit of z?
7
Let g be (-88)/(-12) - (-5)/(45/6). Let s be (-1450)/(-8) + ((-18)/g - -2). Let p = s - 71. What is the tens digit of p?
1
Let x = 26998 - 16824. What is the thousands digit of x?
0
Suppose 132 = -7*q + 209. Let t = -2 + 7. Suppose -q = -t*z + 254. What is the units digit of z?
3
Let j = 2336 - -734. Suppose -4*y - 3844 = -12*p + 7*p, -4*p = 2*y - j. What is the hundreds digit of p?
7
Let f(l) be the second derivative of l**5/20 - l**4/6 + l**3/3 + 99*l**2 - 5*l - 1. What is the units digit of f(0)?
8
Let k(v) = 369*v**2 + 40*v + 182. What is the units digit of k(-5)?
7
Let y(i) = -i**3 - 17*i**2 + 18*i + 10. Suppose -25*v - 414 = -2*v. What is the tens digit of y(v)?
1
Suppose -15003 - 35901 = -3*c. Suppose 0 = w - 8*w - c. What is the tens digit of w/(-20) + (-5)/25?
2
Suppose 0 = 2*a + 4*w - 5*w - 1524, 4*a - 5*w = 3054. What is the tens digit of a?
6
Suppose -8871 + 200404 = 4*c + 3*p, -95771 = -2*c - p. What is the hundreds digit of c?
8
Suppose -94*v + 34*v + 53576 = -23*v. What is the tens digit of v?
4
Let v = 61547 + -27901. What is the hundreds digit of v?
6
Suppose -4*w = -4*z + 124, -7*w - 25 = -z - 3*w. Let i(x) = -x**2 + 43*x - 147. What is the hundreds digit of i(z)?
1
Let l be -2 - (467*-1 - -1). Suppose m = -2*y + 4141 - 4383, -3*m - 724 = 4*y. Let c = m + l. What is the hundreds digit of c?
2
What is the thousands digit of 25367 - (-12)/18*-18?
5
Let r = 572 + -243. Let c = 666 - r. Suppose -7*m = -307 - c. What is the tens digit of m?
9
Suppose 0 = -3*q + 4*y + 175817, 117202 = 2*q - 22*y + 18*y. What is the hundreds digit of q?
6
Let t = 193 - -22. Let n be (-161 - (11 + -12)) + 14. Let b = n + t. What is the units digit of b?
9
Suppose -3*o + 3*q = -7332, 5*o + 14*q - 12230 = 17*q. Let c = -1728 + o. What is the tens digit of c?
2
Suppose 0 = 50*i - 57268 - 148800 - 98832. What is the units digit of i?
8
Let v = -56 + 88. Suppose -v*m - 336 = -38*m. What is the tens digit of m?
5
Suppose -57 + 0 = -19*i. Let z(o) = 224*o + 138. What is the units digit of z(i)?
0
Suppose 36180 = 4*w - 3*n + 5*n, -w + 9054 = 5*n. What is the hundreds digit of w?
0
Let m = -20850 - -44524. What is the tens digit of m?
7
Suppose 210*u - o = 212*u - 15783, -u - 4*o = -7881. What is the thousands digit of u?
7
What is the units digit of 4/46 - (-8704374)/782?
1
Suppose -2*m - 2 = 0, 174*m = -5*i + 178*m + 47994. What is the units digit of i?
8
Let h = -5173 - -32117. What is the units digit of h?
4
Let m(b) be the first derivative of 8*b**3/3 - 13*b**2/2 - 43*b + 172. What is the hundreds digit of m(-11)?
0
Suppose 216*v + 21 = 209*v. What is the units digit of -6*(v + (-580)/8 + 0)?
3
Let i(x) = 210*x - 264. Let y be i(5). Suppose -y = -3*j + 870. What is the tens digit of j?
5
Let v(t) = -617*t**3 + 9*t**2 - 2*t + 1. Let o(i) = -i**3 - 2*i**2 + i. Let f(n) = 4*o(n) + v(n). What is the tens digit of f(-1)?
2
Let l = -20060 + 47352. What is the tens digit of l?
9
What is the hundreds digit of (-756)/(-10)*(-15500)/(-465)?
5
Suppose -6*v - 4*l - 1804 = -11*v, -12 = -3*l. Let k = 367 + v. What is the tens digit of k?
3
Let o = 3468 - 1181. What is the hundreds digit of o?
2
Suppose 0 = 3*n - 3*f - 24534, -3*n - 4*f + 9878 + 14628 = 0. What is the hundreds digit of n?
1
Let t = -423 + -213. What is the units digit of 30/(-5) + 6 - (2 + t)?
4
Let i(b) = -2*b - 9. Let a be i(-7). Let v(u) = 1. Let c(r) = 2*r**2 - 5*r + 20. Let m(k) = a*v(k) + c(k). What is the units digit of m(6)?
7
Let i(b) = -364*b - 2347. What is the thousands digit of i(-34)?
0
Let n(f) = 8*f**2 - 7*f + 8. Let l(o) = o**3 + 23*o**2 - 21*o + 24. Let u(b) = 2*l(b) - 7*n(b). Let w be u(4). What is the units digit of (w/36)/(2/(-354))?
9
Let h be (-52)/(-16) + -3 + (-114)/(-24). Suppose -2*r - h*x = -2*x - 1776, -5*r = -2*x - 4459. What is the hundreds digit of r?
8
Suppose -166*h = -159*h - 42. What is the hundreds digit of h + 19740/24 + (-1)/(-2)?
8
Let n(f) = 2*f**3 + f**2 - 6*f + 1. Suppose 2*d + 21 = -39. Let t be 20/8*d/(-25) - -2. What is the tens digit of n(t)?
4
Let d be (17 + -3)/(6/15). Let w be 0/(1 + 0 + 1). Suppose -2*h + 67 + d = w. What is the tens digit of h?
5
Suppose 3*r + 17 = -25. Let g = r + 23. Suppose 0 = k - 4*k + g. What is the units digit of k?
3
Let b(i) = 9054*i**2 - 45*i + 4. What is the units digit of b(-1)?
3
Suppose -2*n - 5*q + 15235 = 0, 0 = -71*q + 74*q + 3. Suppose 20*p - n = 7400. What is the units digit of p?
1
What is the tens digit of (-4 - 52/(-14)) + (-154168)/(-49)?
4
Let d = -86994 - -125858. What is the thousands digit of d?
8
Suppose -2 = x + 2*k, 0 = -5*k - 15. Suppose 2*q = -2*u + 69 + 237, -x*u = -2*q - 582. What is the tens digit of u?
4
Let l(k) = k**3 - 4*k**2 - 9*k - 16. Let g be l(6). Suppose -d + 5 = -6*d, 0 = g*b - 4*d - 1856. What is the units digit of b?
6
Let k = 13294 - -4400. What is the hundreds digit of k?
6
Let m = -362 + 364. Suppose 3*g - 1733 = m*u + 708, -2 = -u. What is the units digit of g?
5
Suppose -q = -3*s + 31157, 2*s - 9652 = -5